{"id":54,"date":"2019-11-23T20:58:45","date_gmt":"2019-11-23T19:58:45","guid":{"rendered":"https:\/\/burgblaeser.de\/wordpress\/?page_id=54"},"modified":"2024-09-27T11:30:45","modified_gmt":"2024-09-27T09:30:45","slug":"ausbildung","status":"publish","type":"page","link":"https:\/\/burgblaeser.de\/wordpress\/mitgliedschaft\/ausbildung\/","title":{"rendered":"FAQ Ausbildung"},"content":{"rendered":"\n<p>Seit vielen Jahren bilden die Burgbl\u00e4ser Rheinbreitbach musikinteressierte Kinder und auch Erwachsene auf den verschiedenen Blasinstrumenten wie z.B. Trompete, Klarinette, Saxophon, Tenorhorn, Tuba und Posaune aus. Aber auch Percussion- und Schlaginstrumente k\u00f6nnen erlernt werden.<\/p>\n\n\n\n<p>Die wichtigsten Fragen und Antworten findest du im folgenden Fragenkatalog:<\/p>\n\n\n\n<p><strong>Wie alt muss ich sein, um ein Instrument zu erlernen?<\/strong><br>Grunds\u00e4tzlich ist man nie zu alt\/jung ein Instrument zu erlernen. Verst\u00e4ndlicherweise muss das ausgesuchte Instrument gerade bei Kindern zur jeweiligen K\u00f6rpergr\u00f6\u00dfe passen (bei sehr jungen Sch\u00fclern\/Sch\u00fclerinnen w\u00e4re sicherlich die Tuba das falsche Instrument). Da dies jedoch sehr individuell ist, kann ein pers\u00f6nliches Gespr\u00e4ch bei der Auswahl helfen.<\/p>\n\n\n\n<p><strong>Muss ich vorher Noten lesen k\u00f6nnen oder lerne ich das im Unterricht?<\/strong><br>Vorkenntnisse sind f\u00fcr das Erlernen eines Musikinstrumentes nicht erforderlich.<\/p>\n\n\n\n<p><strong>Bei wem und wo bekomme ich Unterricht?<\/strong><br>Der Unterricht wird von Privatlehrern\/-lehrerinnen und vereinsinternen Musikern\/Musikerinnen durchgef\u00fchrt. Der Unterrichtsort kann bei dir zu Hause oder beim Lehrer\/bei der Lehrerin stattfinden.<\/p>\n\n\n\n<p><strong>Wo bekomme ich ein Instrument?<\/strong><br>Sofern kein eigenes Instrument vorhanden ist oder angeschafft werden soll, kann gegen eine Kaution und eine geringe monatliche Leihgeb\u00fchr ein Instrument zur Verf\u00fcgung gestellt werden.<br>N\u00e4here Informationen dazu erh\u00e4ltst du beim Vorstand.<\/p>\n\n\n\n<p><strong>Wie oft muss ich zum Unterricht?<\/strong><br>1 x pro Woche ca. 30-45 Min als Einzelunterricht.<br>Freie Zeiten wie z.B. Ferien werden mit dem Lehrer\/der Lehrerin individuell vereinbart.<\/p>\n\n\n\n<p><strong>Wie viel Zeit muss ich pro Woche zus\u00e4tzlich einplanen?<\/strong><br>Neben dem Einzelunterricht solltest du pro Woche ca. 2-3 Stunden zum \u00dcben einplanen, da nur so ein guter Fortschritt erreicht werden kann.<\/p>\n\n\n\n<p><strong>Kann ich auch sp\u00e4ter noch das Instrument wechseln?<\/strong><br>Es ist jederzeit m\u00f6glich ein neues oder zus\u00e4tzliches Instrument zu erlernen. Man sollte am Anfang jedoch nicht verzweifeln, wenn es schon mal etwas l\u00e4nger dauert, bis es mit dem eigentlichen Wunsch-Instrument klappt&#8230; nur \u00dcbung macht schlie\u00dflich den Meister.<\/p>\n\n\n\n<p><strong>Wie lange habe ich Unterricht?<\/strong><br>Grunds\u00e4tzlich sollte f\u00fcr mind. ein Jahr Unterricht genommen werden. Dar\u00fcber hinaus ist es jedoch empfehlenswert auch danach noch Unterricht zu nehmen.<\/p>\n\n\n\n<p><strong>Ich bekomme eine feste Zahnspange. Muss ich jetzt aufh\u00f6ren mit der Musik?<\/strong><br>Du kannst dein Instrument nach einer kurzen Eingew\u00f6hnungszeit ohne Probleme weiter spielen.<\/p>\n\n\n\n<p><\/p>\n\n\n\n<p>Du hast noch weitere Fragen oder m\u00f6chtest ein Instrument lernen? Dann melde dich einfach telefonisch oder per Email bei einem unserer <a href=\"https:\/\/burgblaeser.de\/wordpress\/wir-ueber-uns\/vorstand\/\">Vorstandsmitglieder<\/a>. Diese helfen dir gerne weiter.<\/p>\n","protected":false},"excerpt":{"rendered":"<p>Seit vielen Jahren bilden die Burgbl\u00e4ser Rheinbreitbach musikinteressierte Kinder und auch Erwachsene auf den verschiedenen Blasinstrumenten wie z.B. Trompete, Klarinette, Saxophon, Tenorhorn, Tuba und Posaune aus. Aber auch Percussion- und Schlaginstrumente k\u00f6nnen erlernt werden. Die wichtigsten Fragen und Antworten findest<\/p>\n","protected":false},"author":1,"featured_media":0,"parent":68,"menu_order":3,"comment_status":"closed","ping_status":"closed","template":"","meta":{"footnotes":""},"class_list":["post-54","page","type-page","status-publish","hentry"],"_links":{"self":[{"href":"https:\/\/burgblaeser.de\/wordpress\/wp-json\/wp\/v2\/pages\/54","targetHints":{"allow":["GET"]}}],"collection":[{"href":"https:\/\/burgblaeser.de\/wordpress\/wp-json\/wp\/v2\/pages"}],"about":[{"href":"https:\/\/burgblaeser.de\/wordpress\/wp-json\/wp\/v2\/types\/page"}],"author":[{"embeddable":true,"href":"https:\/\/burgblaeser.de\/wordpress\/wp-json\/wp\/v2\/users\/1"}],"replies":[{"embeddable":true,"href":"https:\/\/burgblaeser.de\/wordpress\/wp-json\/wp\/v2\/comments?post=54"}],"version-history":[{"count":8,"href":"https:\/\/burgblaeser.de\/wordpress\/wp-json\/wp\/v2\/pages\/54\/revisions"}],"predecessor-version":[{"id":562,"href":"https:\/\/burgblaeser.de\/wordpress\/wp-json\/wp\/v2\/pages\/54\/revisions\/562"}],"up":[{"embeddable":true,"href":"https:\/\/burgblaeser.de\/wordpress\/wp-json\/wp\/v2\/pages\/68"}],"wp:attachment":[{"href":"https:\/\/burgblaeser.de\/wordpress\/wp-json\/wp\/v2\/media?parent=54"}],"curies":[{"name":"wp","href":"https:\/\/api.w.org\/{rel}","templated":true}]}}