{"id":38,"date":"2019-11-23T20:44:31","date_gmt":"2019-11-23T19:44:31","guid":{"rendered":"https:\/\/burgblaeser.de\/wordpress\/?page_id=38"},"modified":"2024-09-27T11:30:35","modified_gmt":"2024-09-27T09:30:35","slug":"foerdermitgliedschaft","status":"publish","type":"page","link":"https:\/\/burgblaeser.de\/wordpress\/mitgliedschaft\/foerdermitgliedschaft\/","title":{"rendered":"F\u00f6rdermitgliedschaft"},"content":{"rendered":"\n<p>Sie wollen die Burgbl\u00e4ser Rheinbreitbach unterst\u00fctzen, auch wenn Sie selbst kein Musikinstrument spielen?<\/p>\n\n\n\n<p>Als F\u00f6rder-Mitglied k\u00f6nnen Sie mit einem Jahresbeitrag ab 15 \u20ac (1,25 \u20ac mtl.) eine Menge bei uns bewirken.<\/p>\n\n\n\n<p>Mit Ihren Beitr\u00e4gen wird es uns unter anderem erm\u00f6glicht ein kosteng\u00fcnstiges Ausbildungs- und F\u00f6rderprogramm f\u00fcr junge sowie junggebliebene Neumusiker und Neumusikerinnen auf die Beine zu stellen.<\/p>\n\n\n\n<p>Daher freuen wir uns \u00fcber jedes passive Mitglied, welches uns finanziell unterst\u00fctzt.<\/p>\n\n\n\n<p>Das entsprechende Beitrittsformular erhalten Sie auf Nachfrage von jedem Vorstandsmitglied der Burgbl\u00e4ser.<\/p>\n","protected":false},"excerpt":{"rendered":"<p>Sie wollen die Burgbl\u00e4ser Rheinbreitbach unterst\u00fctzen, auch wenn Sie selbst kein Musikinstrument spielen? Als F\u00f6rder-Mitglied k\u00f6nnen Sie mit einem Jahresbeitrag ab 15 \u20ac (1,25 \u20ac mtl.) eine Menge bei uns bewirken. Mit Ihren Beitr\u00e4gen wird es uns unter anderem erm\u00f6glicht<\/p>\n","protected":false},"author":1,"featured_media":0,"parent":68,"menu_order":4,"comment_status":"closed","ping_status":"closed","template":"","meta":{"footnotes":""},"class_list":["post-38","page","type-page","status-publish","hentry"],"_links":{"self":[{"href":"https:\/\/burgblaeser.de\/wordpress\/wp-json\/wp\/v2\/pages\/38","targetHints":{"allow":["GET"]}}],"collection":[{"href":"https:\/\/burgblaeser.de\/wordpress\/wp-json\/wp\/v2\/pages"}],"about":[{"href":"https:\/\/burgblaeser.de\/wordpress\/wp-json\/wp\/v2\/types\/page"}],"author":[{"embeddable":true,"href":"https:\/\/burgblaeser.de\/wordpress\/wp-json\/wp\/v2\/users\/1"}],"replies":[{"embeddable":true,"href":"https:\/\/burgblaeser.de\/wordpress\/wp-json\/wp\/v2\/comments?post=38"}],"version-history":[{"count":6,"href":"https:\/\/burgblaeser.de\/wordpress\/wp-json\/wp\/v2\/pages\/38\/revisions"}],"predecessor-version":[{"id":424,"href":"https:\/\/burgblaeser.de\/wordpress\/wp-json\/wp\/v2\/pages\/38\/revisions\/424"}],"up":[{"embeddable":true,"href":"https:\/\/burgblaeser.de\/wordpress\/wp-json\/wp\/v2\/pages\/68"}],"wp:attachment":[{"href":"https:\/\/burgblaeser.de\/wordpress\/wp-json\/wp\/v2\/media?parent=38"}],"curies":[{"name":"wp","href":"https:\/\/api.w.org\/{rel}","templated":true}]}}